vert -1a5a (base 12) to base 3.
-11102221
3454 (base 6) to base 13
4b7
Convert -11000100100 (base 2) to base 12.
-ab0
What is -10112310 (base 4) in base 10?
-17844
174 (base 11) to base 8
312
320223 (base 4) to base 6
24443
1967 (base 15) to base 6
41241
1213 (base 5) to base 3
20210
5110 (base 11) to base 9
10271
What is 10011101101001 (base 2) in base 15?
2ec9
Convert -7ba (base 12) to base 15.
-51a
-4030142 (base 5) to base 15
-1414c
Convert 233311 (base 4) to base 13.
1516
-77c (base 16) to base 4
-131330
Convert -45210 (base 8) to base 12.
-b060
12655 (base 7) to base 6
23501
What is -100010001000 (base 2) in base 5?
-32214
What is -10001011 (base 2) in base 14?
-9d
Convert -24b (base 16) to base 2.
-1001001011
Convert -2010100221 (base 3) to base 13.
-16060
4b0 (base 13) to base 16
333
What is 11021011 (base 3) in base 14?
11c1
Convert 113121 (base 5) to base 10.
4161
Convert -446 (base 12) to base 5.
-10010
22410 (base 10) to base 9
33660
-1717 (base 11) to base 15
-9b6
Convert -5264 (base 9) to base 4.
-330121
Convert -16a (base 12) to base 6.
-1014
-1708 (base 9) to base 5
-20204
What is -3312203 (base 4) in base 6?
-201015
Convert 296 (base 16) to base 15.
2e2
12323 (base 4) to base 11
373
Convert 13112 (base 4) to base 13.
2a2
1668 (base 11) to base 14
ac3
Convert 200 (base 5) to base 7.
101
Convert 1345 (base 7) to base 14.
295
Convert 714 (base 9) to base 4.
21010
Convert 3627 (base 10) to base 2.
111000101011
-2739 (base 12) to base 11
-342a
What is -11320 (base 5) in base 4?
-31003
What is 841 (base 9) in base 6?
3101
What is 3315 (base 8) in base 13?
a3c
What is -1001010011011010 (base 2) in base 8?
-112332
What is -111101110001 (base 2) in base 9?
-5372
-101110010 (base 2) to base 14
-1c6
Convert -2201102201 (base 3) to base 5.
-3203113
36130 (base 7) to base 9
13717
-1304330 (base 5) to base 12
-12986
Convert 2ae (base 15) to base 16.
266
What is 11122021 (base 3) in base 5?
102012
Convert 2673 (base 13) to base 15.
196c
What is -3262 (base 8) in base 4?
-122302
Convert 5b60 (base 14) to base 3.
210220010
Convert 8863 (base 9) to base 5.
202122
-501 (base 14) to base 13
-5a6
-681 (base 11) to base 4
-30233
Convert -26561 (base 7) to base 15.
-21b8
2428 (base 12) to base 10
4064
Convert -1378 (base 12) to base 13.
-1043
54052 (base 6) to base 11
55a6
What is 165 (base 14) in base 10?
285
Convert -56480 (base 9) to base 2.
-1001001011000111
What is 2b (base 13) in base 16?
25
Convert 231113 (base 4) to base 5.
43103
What is -113400 (base 6) in base 10?
-9864
What is 7a7 (base 11) in base 5?
12324
Convert 1828 (base 11) to base 16.
919
Convert 1089 (base 10) to base 9.
1440
10621 (base 10) to base 5
314441
What is -1088 (base 13) in base 7?
-6506
-328 (base 11) to base 3
-112120
-14364 (base 13) to base 9
-57033
What is -111125 (base 8) in base 6?
-445233
-1010 (base 9) to base 6
-3230
What is -101 (base 6) in base 13?
-2b
Convert 6c3 (base 13) to base 2.
10010010101
What is -111000010 (base 2) in base 3?
-121200
What is 16382 (base 10) in base 9?
24422
What is 23505 (base 7) in base 3?
22100020
a75 (base 12) to base 14
7b3
1bb (base 13) to base 6
1255
-22563 (base 9) to base 8
-35302
What is -26bc (base 14) in base 4?
-1222232
Convert 6650 (base 8) to base 5.
102441
1c6 (base 13) to base 7
652
Convert 118152 (base 9) to base 14.
1c122
-9b5 (base 12) to base 14
-745
Convert -500 (base 16) to base 15.
-5a5
What is -1526 (base 9) in base 11?
-963
-3524 (base 11) to base 10
-4624
-13708 (base 12) to base 10
-26936
Convert -331311 (base 4) to base 12.
-2359
-1001111001101010 (base 2) to base 11
-28518
215 (base 8) to base 3
12020
Convert 584 (base 9) to base 8.
741
11101 (base 6) to base 14
7c9
1040 (base 12) to base 2
11011110000
-63 (base 13) to base 6
-213
Convert 591c (base 13) to base 9.
18163
600 (base 10) to base 11
4a6
What is ebf (base 16) in base 4?
322333
-1463 (base 7) to base 9
-718
265112 (base 7) to base 2
1100001010000001
-32205 (base 6) to base 8
-10455
-10001 (base 6) to base 15
-5b7
What is -101111101111 (base 2) in base 15?
-d8a
313 (base 12) to base 13
285
Convert -100110001 (base 2) to base 5.
-2210
What is c00 (base 15) in base 16?
a8c
1643 (base 16) to base 15
1a4e
Convert 28a (base 12) to base 2.
110001010
What is 514 (base 10) in base 3?
201001
What is -3643 (base 8) in base 10?
-1955
232203 (base 4) to base 12
1883
-3590 (base 15) to base 6
-124413
Convert 83 (base 11) to base 4.
1123
What is bc (base 16) in base 9?
228
2113302 (base 4) to base 3
111022210
Convert 1011101100000 (base 2) to base 10.
5984
-110222102 (base 3) to base 14
-363b
-1010110100000 (base 2) to base 16
-15a0
-2810 (base 15) to base 3
-102202020
What is -2744 (base 13) in base 2?
-1011000000001
Convert 36a3 (base 16) to base 3.
201012001
-45414 (base 10) to base 14
-1279c
b56c (base 15) to base 8
112720
-20100 (base 8) to base 3
-102022210
What is -9c5 (base 16) in base 9?
-3378
Convert -10520 (base 8) to base 15.
-14a7
What is -188b (base 14) in base 8?
-10523
-11303100 (base 4) to base 15
-7090
What is 2022101112 (base 3) in base 16?
b1aa
1000200 (base 3) to base 5
10442
123 (base 4) to base 12
23
3b9 (base 16) to base 10
953
What is -a89 (base 15) in base 6?
-15003
11530 (base 8) to base 13
233c
Convert 1a (base 12) to base 16.
16
3120101 (base 5) to base 4
30201030
What is -212031 (base 4) in base 8?
-4615
What is -186 (base 9) in base 6?
-423
-101043 (base 6) to base 11
-6030
91 (base 13) to base 14
86
Convert -1539 (base 14) to base 15.
-11ba
Convert 10111133 (base 4) to base 15.
53de
Convert 2a8 (base 13) to base 15.
21b
2c1 (base 15) to base 11
524
Convert 86 (base 16) to base 7.
251
Convert 644 (base 10) to base 7.
1610
What is -1001010000100 (base 2) in base 11?
-361a
61701 (base 9) to base 13
1567c
Convert -1111001011 (base 2) to base 10.
-971
What is -28 (base 10) in base 16?
-1c
What is 2646 (base 7) in base 2?
1111110110
What is -769 (base 16) in base 11?
-1475
Convert 2200330 (base 4) to base 2.
10100000111100
7635 (base 12) to base 16
32c9
1433 (base 14) to base 11
2759
What is -340 (base 10) in base 14?
-1a4
1000012 (base 3) to base 9
1005
What is 2210103 (base 4) in base 3?
112102110
-2817 (base 9) to base 14
-ab8
Convert 40 (base 13) to base 16.
34
Convert -24160 (base 9) to base 13.
-7491
What is -2022 (base 10) in base 3?
-2202220
1321022 (base 4) to base 16
1e4a
What is a45 (base 13) in base 9?
2351
Convert -4524 (base 7) to base 10.
-1635
Convert -481 (base 10) to base 7.
-1255
What is 10257 (base 13) in base 10?
28971
What is -201b (base 15) in base 16?
-1a78
What is -3fb2 (base 16) in base 7?
-65353
1020010 (base 3) to base 2
1101111110
Convert 5071 (base 16) to base 14.
770d
Convert -1201000120 (base 3) to base 8.
-101415
-1000100 (base 3) to base 11
-611
What is -440 (base 14) in base 6?
-3520
-306 (base 8) to base 10
-198
-260c1 (base 13) to base 2
-10001001100111101
5a2 (base 11) to base 10
717
81 (base 13) to base 8
151
Convert 47a (base 11) to base 9.
704
-155 (base 14) to base 11
-227
278 (base 15) to base 16
233
18213 (base 9) to base 5
400232
What is 1112100 (base 3) in base 16?
45c
Convert -3d0c (base 16) to base 5.
-1000003
Convert -2441 (base 7) to base 3.
-1020202
What is -1817 (base 10) in base 2?
-11100011001
What is 2404 (base 6) in base 2?
1001000100
What is -103240 (base 5) in base 10?
-3570
What is 111000 (base 3) in base 9?
430
What is 3232011 (base 5) in base 2?
1101011111011000
Convert 222 (base 11) to base 13.
176
What is 12011011 (base 3) in base 6?
25221
Convert 12753 (base 9) to base 12.
4bb6
Convert 5283 (base 9) to base 3.
12022210
What is 100011000011 (base 2) in base 13?
1037
1001101000 (base 2) to base 14
320
What is -c6b (base 16) in base 3?
-11100202
What is -1000122 (base 3) in base 12?
-522
What is 64555 (base 8) in base 13?
c391
What is 20234 (base 7) in base 13?
231b
Convert 211202210 (base 3) to base 16.
40d7
Convert -223 (base 10) to base 14.
-11d
What is 1423 (base 12) in base 6?
14443
What is -1301 (base 6) in base 9?
-401
Convert -10000111001 (base 2) to base 3.
-1111001
What is -40b (base 16) in base 11?
-861
1249 (base 10) to base 14
653
Convert -22203310 (base 4) to base 10.
-43252
What is 1021022 (base 3) in base 8?
1636
-307 (base 13) to base 9
-631
Convert -5